 is g(n)?
2
Let g(p) = -p**3 - 3*p**2 + 8*p + 5. Let w be (-38)/(-1615)*5 + 174/(-34). What is g(w)?
15
Let x(v) = -v**3 + 4*v**2 + 4*v + 5. Let s(b) = 4*b - 1. Let u be s(-3). Let c = 18 + u. Let h be x(c). Let t(l) = -l**2 + l - 15. Give t(h).
-15
Let g(w) be the second derivative of 3*w**5/10 - w**4/6 + w**2/2 - 10*w. Suppose -o + 2 = 3. Determine g(o).
-7
Let i(t) = -9*t**3 - 6*t**2 + 5*t. Let q(a) = -11*a**3 - 6*a**2 + 5*a + 2. Let x(l) = 5*i(l) - 4*q(l). Calculate x(-7).
6
Let p(k) = -2*k**3 - k**2 - 3*k - 2. Let g = 377 + -379. Determine p(g).
16
Let h(a) = 13*a**2 - 9*a - 2. Let k(x) = 29*x**2 - 20*x - 3. Let c(q) = 9*h(q) - 4*k(q). Determine c(5).
14
Suppose 55*o - 28 = 57*o. Let f = o - -16. Let s(y) = -y**2 + 2*y - 9. Let k(a) = -1. Let c(j) = -6*k(j) + s(j). Give c(f).
-3
Let x(o) = -5*o**3 + 2*o**2 - o. Let l(s) = -s**2 - 4*s + 6. Let b be l(-5). Let f = b - 0. Let q = f - 0. What is x(q)?
-4
Let z be 4/(-7*(-4)/14). Let t(r) = -32*r**3 + 58*r**3 - 5*r - 27*r**3 + 7*r**z + 6. What is t(6)?
12
Let p be 3/(-6) - (-9)/(-6). Let w = p - -6. Let u(b) = 4*b + b + 114*b**2 + 4 + 105*b**2 - 221*b**2. Calculate u(w).
-8
Suppose -5*v = -0*v + 20. Let k(i) = -i + 8. Let o(s) = 0*s + 5*s - 4*s - 7. Let t(f) = v*o(f) - 3*k(f). Determine t(5).
-1
Let u be (-2 - (-4 - -1))*5. Let p(r) = r - u*r - 2*r - 2. Suppose 36 = -2*v + 32. What is p(v)?
10
Let p(x) = -2*x**2 + 3*x. Let v = -5 - -4. Suppose -4*c - n - 2*n = -7, 3*n = 4*c - 1. Let w = c - v. What is p(w)?
-2
Let g(w) be the second derivative of -w**7/2520 - w**6/360 + w**5/40 + w**4/12 - 8*w. Let x(h) be the third derivative of g(h). Calculate x(-3).
0
Let v(s) = s**2 + 31*s + 155. Let c be v(-6). Let l(i) = i**2 - 6*i. What is l(c)?
-5
Suppose -m + 3 = 5*f, 3*f = f. Let s(b) = -4*b + b**2 + 3*b**2 - m*b**2. Let l be (2/(-6))/((50/120)/(-5)). Give s(l).
0
Let n(d) = -5*d + 2. Suppose -102*j - 17*j = 0. What is n(j)?
2
Let j(u) = 2*u + 0*u - 1333*u**2 - u + 1335*u**2 - 5*u. What is j(4)?
16
Let g(q) = -5*q**2 - q - 1. Let u(b) = b**3 - 20*b**2 - 20*b - 22. Let i be u(21). Calculate g(i).
-5
Let k(f) = -3*f. Let o(m) be the first derivative of -2*m**3/3 + 7*m**2/2 + 12*m + 4. Let x be o(5). Calculate k(x).
9
Let r = 14 + -33. Let o = 14 + r. Let j(d) = d**3 + 6*d**2 + 4*d + 2. Give j(o).
7
Let n be ((-40)/8)/(4 + (-12)/4). Let z(o) = -o**2 - o + 4. What is z(n)?
-16
Let c(a) = 18*a + 0*a**3 - a**3 + 3*a**2 - 17*a + 1 - 4*a**2. What is c(2)?
-9
Let d(g) be the first derivative of g**2 + 37*g + 437. Calculate d(-14).
9
Let x(q) = -q + 9. Let f(z) = z + 7. Let p be (-22)/(-5) - 4/10. Let a be f(p). Let i be x(a). Let b(v) = 3*v**2 - v + 2. What is b(i)?
16
Let l(m) = -2 - 3*m - 49*m**2 + 29*m**2 - m**3 + 25*m**2. Let i be (5/2)/((-1)/(-2)). Determine l(i).
-17
Let i(z) = -z**3 - z**2 - 14. Suppose 3*o + 0*o = -10*o. What is i(o)?
-14
Let u(c) = -4*c**3. Suppose -i - 2*d - 3*d - 6 = 0, 0 = -5*i + 4*d - 1. Let m be u(i). Let l(f) = 4 + 3*f + m*f**2 - 2*f**2 - 3*f**2 + 2. Calculate l(5).
-4
Let a(m) be the second derivative of m**4/3 - m**3/3 + m**2 - 37*m. Give a(1).
4
Let t be ((-13 - -1)/(-3) - 7)/((-18)/12). Let j(c) = 1. Let m(f) = -f - 5. Let o(r) = 6*j(r) + m(r). Calculate o(t).
-1
Suppose c = -0*c + 1. Let i(r) = -c - 4 - r + 5*r + 3. Let q(l) = l**2 - 3*l - 2. Let y be q(4). What is i(y)?
6
Let k(a) = -a**3 - 4*a**2 + 3*a + 12. Let z be k(-4). Let h(o) = 6*o**2 + 19. Let s(j) = 5*j**2 + 20. Let b(v) = -4*h(v) + 5*s(v). Calculate b(z).
24
Let i(z) = -2*z + 1. Let n(y) = y. Let c(s) = -2*i(s) - 5*n(s). Give c(-2).
0
Suppose 11*s - 5*s - 72 = 0. Let o be (-1)/(-2)*(10 - s). Let k(l) = 3*l + 0 + 5*l**2 - 1 - 5*l. Determine k(o).
6
Let t(k) = -4 - 4*k - 3*k + 0*k. Let o = 3258 + -3261. What is t(o)?
17
Suppose 0 = -13*r - 21 - 18. Let t(z) = -5*z - 1. Calculate t(r).
14
Let k(g) = 2*g + 1. Suppose 2*d - 5*i = 9, 5*d + 5 = 4*i + 2. Let q be k(d). Let o(s) = -2*s - 2*s - 5*s + 5*s - 1 - s**2. Calculate o(q).
-6
Let j(q) = q**2 - 99*q + 810. Let i be j(9). Let a(c) = c**3 - 3*c**2 + c. Give a(i).
0
Let a(g) = g**3 - 3*g**2 + 2*g. Let i(p) = p - 10. Let k be i(13). Suppose -k*w + 18 = y, -4*w - 2*y + 0*y + 26 = 0. Let s = w - 3. Give a(s).
0
Let j(y) = y + 1. Suppose -2*g + 33 = -5*g. Let m = -21 - g. Let i = 15 + m. Give j(i).
6
Let s(j) be the third derivative of -j**8/6720 + j**7/420 - j**4/8 + 5*j**2. Let w(g) be the second derivative of s(g). Let v = -2 + 8. Determine w(v).
0
Let i = -117 - -119. Let k(c) = 3*c**2 - 3*c. Let j(b) = 3*b**2 - 3*b. Let f(d) = -6*j(d) + 5*k(d). What is f(i)?
-6
Let w = 8 + -5. Let f be 10/(-6)*(-3 + 18/10). Let d(u) = -u**f + u - 16 - 9 + 38 - 12. Give d(w).
-5
Suppose -c = -6*c - 55. Let i = c - -13. Let k(s) be the first derivative of 3*s**2/2 + s - 2. Determine k(i).
7
Let w(z) = 4*z - 5. Let n be -2 - 4 - (-3 + 0 + 0). Give w(n).
-17
Let p(o) = -156*o - 152*o + 448*o - 155*o + 4. What is p(3)?
-41
Let g(p) be the first derivative of p**4/4 + 7*p**3/3 - 5*p**2/2 + 8*p - 649. Calculate g(-8).
-16
Let o be (-8)/10 - (-343)/35. Let y be 1 + 4 + -6 + o. Let z(p) = -p + 9. Calculate z(y).
1
Let o(q) = -q**3 - 9*q**2 + 2*q + 3. Let p(h) = -2*h**3 - 19*h**2 + 3*h + 5. Let v(b) = -7*o(b) + 3*p(b). What is v(-7)?
-20
Let v = -1027 - -1015. Let j(r) = -r**2 - 10*r + 18. Determine j(v).
-6
Let z(w) = -w + 16. Let p be z(10). Let j(k) = 0 - k - k - p + 5. Give j(6).
-13
Let i(c) = -4*c**3 - 6*c**2 - 7*c - 15. Let d(z) = 3*z**3 + 7*z**2 + 8*z + 15. Let o(u) = -3*d(u) - 2*i(u). Determine o(-8).
1
Let r be (-1044)/(-180) + (-1)/(-5). Let g(j) = -j**3 + 3*j**2 + 10*j - 13. What is g(r)?
-61
Let p(k) = -3*k**3 - 3*k**2 + 4*k + 6. Let b be p(-1). Let q(x) be the first derivative of -5/3*x**3 - 1/4*x**4 - x + b - 1/2*x**2. Calculate q(-4).
-13
Let i(m) = 54 - 89 - 4*m + 37. Let p(z) = 2*z - 8. Let c be p(6). Give i(c).
-14
Let q(v) = v - 1. Let t(a) = 7*a + 2. Let c(j) = -q(j) - t(j). What is c(-1)?
7
Let d(p) be the third derivative of 0 + 2*p**2 + 0*p + 1/120*p**6 + 1/3*p**4 - 1/2*p**3 + 7/60*p**5. Let o(k) = 5*k**3 + k. Let g be o(-1). Calculate d(g).
-15
Let o = 55 - 49. Suppose o*c + 7 - 1 = 0. Let p(h) = h**2 - 2 + 1 - 3*h**3 + h**2. Give p(c).
4
Let i(l) = -15*l + 4. Let w(b) = 82*b - 18. Let u(z) = -22*i(z) - 4*w(z). Calculate u(4).
-8
Let s(n) = n**2 - n + 11. Let x be s(0). Let b(f) = f**2 - 9*f - 14. Calculate b(x).
8
Let p be (-18)/10*(-80)/24. Suppose -2*c = 3*y + p, -c - 3 = 3*y + y. Let a(k) = k + 5. Calculate a(y).
5
Let w(s) be the first derivative of -s**3/3 + 5*s**2/2 + 1. Suppose -6 = -b + 3*x + 14, 0 = 5*b - 3*x - 40. Suppose -2*c = -b*p + 10, -2*p - 3 = -11. Give w(c).
0
Suppose 5*r = 2*r. Suppose 4*n - n - 5*z = 14, r = -4*n - 2*z + 10. Let i(q) = -2*q - q - 2 + n - q. Calculate i(2).
-7
Let d(j) = 14*j - 28*j + 0*j + 9*j - 6. What is d(4)?
-26
Let u(x) = -2*x**3 - 14*x**2 + x + 7. Let d = -429 - -422. What is u(d)?
0
Let g = 28 + -28. Suppose 2*s = 8, g*i = i - 3*s + 12. Let x(t) = t**2 + t + 5. What is x(i)?
5
Let g(b) be the third derivative of -b**4/24 - b**3/6 - 209*b**2. What is g(-4)?
3
Let n = 23 - 28. Let u be n/(-3 + 8/4). Let v(l) = 1 + l**2 - 3*l**2 - 4*l + 3*l**2. Determine v(u).
6
Let y(g) be the second derivative of -3*g**5/20 - g**4/4 - g**3/2 - 3*g**2/2 - 6*g. Suppose -9 + 1 = 4*m. Determine y(m).
15
Let w(q) = -q**2 - 3*q - 3. Suppose 0 = x - 6*x - 60. Let k be (-2)/20*x*-25. Let g be (8/(-10))/((-12)/k). What is w(g)?
-1
Let r be -1 - 3 - (81/(-9))/3. Let a(i) = -6*i**3 - i**2 - i - 1. What is a(r)?
5
Suppose 0*j = -3*j + 3. Let g(a) be the second derivative of -1/6*a**4 - 4*a + 1/2*a**2 - 1/5*a**5 + 0*a**3 + 0. What is g(j)?
-5
Suppose 0*l - 15 = -3*l. Let x be (-9 - -6) + 1 + 7. Let o(p) = p. Let h(r) = -1. Let k(m) = x*h(m) + o(m). Give k(l).
0
Let p = -845 + 852. Let a(t) = -t + 7. Give a(p).
0
Let c(f) = -4*f**3 + 9*f**2 - 22*f - 1. Let g(h) = h**3 - 3*h**2 + 7*h + 1. Let z(n) = -2*c(n) - 7*g(n). What is z(-4)?
-1
Let b(u) = u**3 + 5*u**2 - 15*u - 7. Let p be b(-7). Suppose -5*y + 11 - 1 = p. Let h be -2*(y - (5 - 4)). Let q(l) = -l**3 - l**2 + l + 2. Give q(h).
4
Let t(k) = -k**3 - 17*k**2 + k - 13. Let n be t(-17). Let y = n - -22. Let m(s) = s + 12. Determine m(y).
4
Let b(d) = d**3 - 2*d. Let s = -13 + 14. Suppose 3*m + v = -